?
False
Does 6 divide 639?
False
Does 120 divide 13876?
False
Is 1096 a multiple of 8?
True
Does 2 divide 1947?
False
Does 33 divide 8752?
False
Is 1913 a multiple of 58?
False
Is 2 a factor of 10310?
True
Does 56 divide 2252?
False
Is 43 a factor of 175?
False
Is 7 a factor of 691?
False
Is 17 a factor of 88434?
True
Is 42 a factor of 1074?
False
Is 12 a factor of 50168?
False
Is 58 a factor of 4466?
True
Is 12 a factor of 12?
True
Is 837 a multiple of 11?
False
Is 72 a multiple of 3?
True
Is 4520 a multiple of 42?
False
Is 7547 a multiple of 49?
False
Does 6 divide 21114?
True
Is 489 a factor of 112412?
False
Is 31713 a multiple of 15?
False
Is 15 a factor of 5640?
True
Is 22427 a multiple of 21?
False
Does 199 divide 1393?
True
Does 27 divide 62?
False
Does 5 divide 2301?
False
Does 27 divide 16366?
False
Is 3 a factor of 134?
False
Is 74 a factor of 1393?
False
Does 3 divide 550?
False
Does 105 divide 10629?
False
Is 48056 a multiple of 58?
False
Is 37464 a multiple of 7?
True
Does 10 divide 9325?
False
Is 1137 a multiple of 40?
False
Is 12 a factor of 58080?
True
Is 96926 a multiple of 112?
False
Does 17 divide 1500?
False
Is 33 a factor of 20559?
True
Is 11 a factor of 4742?
False
Is 14 a multiple of 5?
False
Is 14 a factor of 1683?
False
Is 7 a factor of 294?
True
Is 21 a factor of 399?
True
Is 34 a factor of 5032?
True
Is 84 a factor of 4624?
False
Does 60 divide 480?
True
Does 178 divide 9196?
False
Does 10 divide 250?
True
Is 24 a factor of 4344?
True
Is 7030 a multiple of 185?
True
Does 71 divide 6390?
True
Is 304 a multiple of 5?
False
Is 18833 a multiple of 15?
False
Does 43 divide 473?
True
Is 3599 a multiple of 105?
False
Does 79 divide 763?
False
Is 52 a factor of 739?
False
Is 10300 a multiple of 20?
True
Does 135 divide 3375?
True
Is 52 a factor of 936?
True
Is 52 a factor of 2496?
True
Does 10 divide 2511?
False
Does 12 divide 312?
True
Is 72 a factor of 39744?
True
Is 125 a factor of 65978?
False
Is 11 a factor of 5885?
True
Is 53 a factor of 1400?
False
Is 14 a factor of 5684?
True
Is 3 a factor of 164?
False
Is 10 a factor of 278?
False
Is 10718 a multiple of 33?
False
Is 10761 a multiple of 14?
False
Is 6847 a multiple of 125?
False
Is 254 a factor of 32766?
True
Does 12 divide 17234?
False
Does 167 divide 23950?
False
Is 1894 a multiple of 40?
False
Does 6 divide 2883?
False
Is 36 a factor of 252?
True
Does 69 divide 4400?
False
Is 10287 a multiple of 10?
False
Is 12 a factor of 666?
False
Does 33 divide 2547?
False
Does 4 divide 867?
False
Is 115 a factor of 5980?
True
Is 7162 a multiple of 8?
False
Does 31 divide 6076?
True
Is 17 a factor of 697?
True
Is 20 a factor of 3940?
True
Is 15504 a multiple of 228?
True
Does 4 divide 60?
True
Is 398 a multiple of 9?
False
Is 2859 a multiple of 34?
False
Is 92 a multiple of 4?
True
Is 15 a factor of 98115?
True
Is 2 a factor of 29?
False
Does 97 divide 4753?
True
Is 450 a multiple of 6?
True
Is 24440 a multiple of 47?
True
Is 23 a multiple of 4?
False
Does 5 divide 4116?
False
Is 16 a factor of 3460?
False
Is 46 a factor of 1058?
True
Does 32 divide 1600?
True
Does 4 divide 3460?
True
Is 68 a factor of 1419?
False
Is 14 a factor of 9058?
True
Is 35955 a multiple of 181?
False
Is 1381 a multiple of 10?
False
Does 21 divide 20979?
True
Does 17 divide 89726?
True
Is 28 a factor of 4452?
True
Does 18 divide 30312?
True
Does 66 divide 396?
True
Is 3816 a multiple of 117?
False
Does 14 divide 43232?
True
Does 26 divide 14508?
True
Is 24 a factor of 32246?
False
Is 32608 a multiple of 113?
False
Does 11 divide 28097?
False
Is 91 a factor of 6194?
False
Is 2154 a multiple of 8?
False
Is 800 a multiple of 16?
True
Does 11 divide 766?
False
Is 57954 a multiple of 24?
False
Is 163 a factor of 14996?
True
Is 75 a factor of 18187?
False
Is 7 a factor of 442?
False
Is 9284 a multiple of 4?
True
Is 48 a factor of 3120?
True
Is 105 a multiple of 35?
True
Does 31 divide 1674?
True
Is 34 a factor of 31633?
False
Is 1270 a multiple of 5?
True
Is 2393 a multiple of 9?
False
Is 9216 a multiple of 32?
True
Does 33 divide 14058?
True
Is 3 a factor of 721?
False
Does 11 divide 220?
True
Does 13 divide 613?
False
Is 135 a multiple of 4?
False
Does 11 divide 10380?
False
Is 14 a factor of 4365?
False
Is 13068 a multiple of 18?
True
Is 9 a factor of 1647?
True
Is 23 a factor of 2136?
False
Is 38 a factor of 1140?
True
Is 7439 a multiple of 31?
False
Is 2036 a multiple of 94?
False
Does 56 divide 1173?
False
Is 43 a factor of 1247?
True
Does 11 divide 700?
False
Is 5879 a multiple of 4?
False
Is 27 a factor of 1512?
True
Does 31 divide 1674?
True
Is 1166 a multiple of 106?
True
Is 7 a factor of 3612?
True
Does 14 divide 826?
True
Is 356 a factor of 65148?
True
Is 283 a multiple of 56?
False
Does 6 divide 355?
False
Is 15 a factor of 9795?
True
Is 60 a factor of 3300?
True
Is 10 a factor of 1716?
False
Does 47 divide 329?
True
Does 43 divide 1916?
False
Is 4092 a multiple of 20?
False
Does 97 divide 11995?
False
Is 112 a multiple of 14?
True
Is 11 a factor of 4960?
False
Is 29 a factor of 40033?
False
Does 3 divide 50?
False
Does 11 divide 12760?
True
Is 14 a factor of 21560?
True
Is 62 a factor of 4165?
False
Is 346 a factor of 55706?
True
Is 18 a factor of 51217?
False
Does 22 divide 49?
False
Is 1330 a multiple of 35?
True
Does 71 divide 7367?
False
Is 93 a multiple of 12?
False
Does 4 divide 49976?
True
Does 12 divide 156?
True
Does 34 divide 2074?
True
Does 12 divide 576?
True
Is 4 a factor of 94?
False
Is 2478 a multiple of 13?
False
Is 139 a factor of 1946?
True
Is 36 a factor of 22020?
False
Does 45 divide 1935?
True
Is 58 a factor of 2027?
False
Is 7888 a multiple of 4?
True
Does 204 divide 90313?
False
Is 2 a factor of 42?
True
Does 6 divide 2432?
False
Is 3377 a multiple of 27?
False
Is 42 a factor of 12768?
True
Is 5370 a multiple of 16?
False
Does 10 divide 2550?
True
Is 40 a factor of 14000?
True
Is 4 a factor of 16?
True
Is 1308 a multiple of 12?
True
Does 23 divide 16860?
False
Is 254 a multiple of 6?
False
Is 684 a multiple of 10?
False
Is 10737 a multiple of 11?
False
Does 6 divide 352?
False
Is 67 a multiple of 45?
False
Does 33 divide 2164?
False
Does 11 divide 21660?
False
Is 16 a factor of 528?
True
Is 110 a factor of 64570?
True
Is 6 a factor of 72?
True
Does 7 divide 6926?
False
Is 31878 a multiple of 21?
True
Is 12 a factor of 497?
False
Does 34 divide 6148?
False
Does 4 divide 300?
True
Is 25 a factor of 59091?
False
Is 38 a factor of 2171?
False
Is 85045 a multiple of 31?
False
Is 16 a factor of 1248?
True
Is 5 a factor of 3979?
False
Does 22 divide 13640?
True
Is 17 a factor of 110035?
False
Is 102 a factor of 4182?
True
Does 88 divide 39512?
True
Is 86 a factor of 22274?
True
Is 2816 a multiple of 16?
True
Is 1458 a multiple of 14?
False
Is 5083 a multiple of 17?
True
Does 6 divide 715?
False
Is 44068 a multiple of 132?
False
Is 37615 a multiple of 17?
False
Is 637 a multiple of 49?
True
Does 96 divide 1920?
True
Is 20 a factor of 920?
True
Is 67 a factor of 15676?
False
Does 8 divide 131?
False
Does 82 divide 478?
False
Is 786 a multiple of 24?
False
Does 35 divide 68941?
False
Is 11 a factor of 12815?
True
Does 41 divide 1559?
False
Is 23 a factor of 5718?
False
Is 1916 a multiple of 12?
False
Does 85 divide 1027?
False
Is 27 a factor of 14850?
True
Is 20 a factor of 818?
False
Is 2179 a multiple of 41?
False
Is 1091 a multiple of 82?
False
Does 48 divide 2736?
True
Does 31 divide 12090?
True
Is 9438 a multiple of 66?
True
Does 8 divide 775?
False
Is 2529 a multiple of 86?
False
Does 24 divide 46803?
False
Does 8 divide 44800?
True
Is 99 a factor of 44076?
False
Is 22 a factor of 27675?
False
Is 97 even?
False
Is 14 a factor of 1722?
True
Is 19 a factor of 16930?
False
Is 362 a multiple of 49?
False
Does 120 divide 51720?
True
Is 147 a factor of 8231?
False
Is 10 a factor of 6181?
False
Does 4 divide 724?
True
Is 11636 a multiple of 33?
False
Does 7 divide 374?
False
Is 14300 a multiple of 4?
True
Does 11 divide 8162?
True
Is 26 a factor of 1066?
True
Is 6184 a multiple of 11?
False
Is 616 a multiple of 11?
True
Does 14 divide 5138?
True
Is 13 a factor of 1321?
False
Is 37 a factor of 3179?
False
Does 15 divide 47354?
False
Is 105 a multiple of 5?
True
Is 1167 a multipl